[INFO] cloning repository https://github.com/axiom-micro/ctrl
[INFO] running `Command { std: "git" "-c" "credential.helper=" "-c" "credential.helper=/workspace/cargo-home/bin/git-credential-null" "clone" "--bare" "https://github.com/axiom-micro/ctrl" "/workspace/cache/git-repos/https%3A%2F%2Fgithub.com%2Faxiom-micro%2Fctrl", kill_on_drop: false }`
[INFO] [stderr] Cloning into bare repository '/workspace/cache/git-repos/https%3A%2F%2Fgithub.com%2Faxiom-micro%2Fctrl'...
[INFO] running `Command { std: "git" "rev-parse" "HEAD", kill_on_drop: false }`
[INFO] [stdout] 7df1077d50fe3012c328424bb02f4fc70db64395
[INFO] checking axiom-micro/ctrl against master#9610dfe5a9a731ced1ea4923ecbd0c57fe367898 for beta-170-4
[INFO] running `Command { std: "git" "clone" "/workspace/cache/git-repos/https%3A%2F%2Fgithub.com%2Faxiom-micro%2Fctrl" "/workspace/builds/worker-4-tc1/source", kill_on_drop: false }`
[INFO] [stderr] Cloning into '/workspace/builds/worker-4-tc1/source'...
[INFO] [stderr] done.
[INFO] validating manifest of git repo https://github.com/axiom-micro/ctrl on toolchain 9610dfe5a9a731ced1ea4923ecbd0c57fe367898
[INFO] running `Command { std: CARGO_HOME="/workspace/cargo-home" RUSTUP_HOME="/workspace/rustup-home" "/workspace/cargo-home/bin/cargo" "+9610dfe5a9a731ced1ea4923ecbd0c57fe367898" "metadata" "--manifest-path" "Cargo.toml" "--no-deps", kill_on_drop: false }`
[INFO] started tweaking git repo https://github.com/axiom-micro/ctrl
[INFO] finished tweaking git repo https://github.com/axiom-micro/ctrl
[INFO] tweaked toml for git repo https://github.com/axiom-micro/ctrl written to /workspace/builds/worker-4-tc1/source/Cargo.toml
[INFO] crate git repo https://github.com/axiom-micro/ctrl already has a lockfile, it will not be regenerated
[INFO] running `Command { std: CARGO_HOME="/workspace/cargo-home" RUSTUP_HOME="/workspace/rustup-home" "/workspace/cargo-home/bin/cargo" "+9610dfe5a9a731ced1ea4923ecbd0c57fe367898" "fetch" "--manifest-path" "Cargo.toml", kill_on_drop: false }`
[INFO] [stderr]     Updating crates.io index
[INFO] [stderr]  Downloading crates ...
[INFO] [stderr]   Downloaded proc-macro-hack v0.5.8
[INFO] [stderr]   Downloaded ctor v0.1.9
[INFO] [stderr]   Downloaded i2cdev v0.4.2
[INFO] [stderr]   Downloaded fuse v0.3.1
[INFO] [stderr]   Downloaded lru v0.1.15
[INFO] [stderr]   Downloaded isomorphism v0.1.3
[INFO] [stderr]   Downloaded fuse_mt v0.5.0
[INFO] running `Command { std: "docker" "create" "-v" "/var/lib/crater-agent-workspace/builds/worker-4-tc1/target:/opt/rustwide/target:rw,Z" "-v" "/var/lib/crater-agent-workspace/builds/worker-4-tc1/source:/opt/rustwide/workdir:ro,Z" "-v" "/var/lib/crater-agent-workspace/cargo-home:/opt/rustwide/cargo-home:ro,Z" "-v" "/var/lib/crater-agent-workspace/rustup-home:/opt/rustwide/rustup-home:ro,Z" "-e" "SOURCE_DIR=/opt/rustwide/workdir" "-e" "CARGO_TARGET_DIR=/opt/rustwide/target" "-e" "CARGO_HOME=/opt/rustwide/cargo-home" "-e" "RUSTUP_HOME=/opt/rustwide/rustup-home" "-w" "/opt/rustwide/workdir" "-m" "1610612736" "--user" "0:0" "--network" "none" "ghcr.io/rust-lang/crates-build-env/linux@sha256:19e73879b68f455e41552ea35293514db52ea292d993f571636dbffedb77a1ee" "/opt/rustwide/cargo-home/bin/cargo" "+9610dfe5a9a731ced1ea4923ecbd0c57fe367898" "metadata" "--no-deps" "--format-version=1", kill_on_drop: false }`
[INFO] [stdout] 1b722440ad4777347a74cc16ed712241e2b72cf112c8e0850d7b8a650ef4c8f2
[INFO] running `Command { std: "docker" "start" "-a" "1b722440ad4777347a74cc16ed712241e2b72cf112c8e0850d7b8a650ef4c8f2", kill_on_drop: false }`
[INFO] running `Command { std: "docker" "inspect" "1b722440ad4777347a74cc16ed712241e2b72cf112c8e0850d7b8a650ef4c8f2", kill_on_drop: false }`
[INFO] running `Command { std: "docker" "rm" "-f" "1b722440ad4777347a74cc16ed712241e2b72cf112c8e0850d7b8a650ef4c8f2", kill_on_drop: false }`
[INFO] [stdout] 1b722440ad4777347a74cc16ed712241e2b72cf112c8e0850d7b8a650ef4c8f2
[INFO] running `Command { std: "docker" "create" "-v" "/var/lib/crater-agent-workspace/builds/worker-4-tc1/target:/opt/rustwide/target:rw,Z" "-v" "/var/lib/crater-agent-workspace/builds/worker-4-tc1/source:/opt/rustwide/workdir:ro,Z" "-v" "/var/lib/crater-agent-workspace/cargo-home:/opt/rustwide/cargo-home:ro,Z" "-v" "/var/lib/crater-agent-workspace/rustup-home:/opt/rustwide/rustup-home:ro,Z" "-e" "SOURCE_DIR=/opt/rustwide/workdir" "-e" "CARGO_TARGET_DIR=/opt/rustwide/target" "-e" "CARGO_INCREMENTAL=0" "-e" "RUST_BACKTRACE=full" "-e" "RUSTFLAGS=--cap-lints=forbid" "-e" "RUSTDOCFLAGS=--cap-lints=forbid" "-e" "CARGO_HOME=/opt/rustwide/cargo-home" "-e" "RUSTUP_HOME=/opt/rustwide/rustup-home" "-w" "/opt/rustwide/workdir" "-m" "1610612736" "--user" "0:0" "--network" "none" "ghcr.io/rust-lang/crates-build-env/linux@sha256:19e73879b68f455e41552ea35293514db52ea292d993f571636dbffedb77a1ee" "/opt/rustwide/cargo-home/bin/cargo" "+9610dfe5a9a731ced1ea4923ecbd0c57fe367898" "check" "--frozen" "--all" "--all-targets" "--message-format=json", kill_on_drop: false }`
[INFO] [stdout] 0a83c920e7740c883da9bdca63a626c4981b7daf4be7bba4debf5ad0a492e0c6
[INFO] running `Command { std: "docker" "start" "-a" "0a83c920e7740c883da9bdca63a626c4981b7daf4be7bba4debf5ad0a492e0c6", kill_on_drop: false }`
[INFO] [stderr]    Compiling libc v0.2.60
[INFO] [stderr]    Compiling autocfg v0.1.5
[INFO] [stderr]    Compiling proc-macro2 v0.4.30
[INFO] [stderr]    Compiling unicode-xid v0.1.0
[INFO] [stderr]    Compiling syn v0.15.39
[INFO] [stderr]     Checking cfg-if v0.1.9
[INFO] [stderr]    Compiling log v0.4.7
[INFO] [stderr]    Compiling bitflags v1.1.0
[INFO] [stderr]    Compiling byteorder v1.3.2
[INFO] [stderr]    Compiling cc v1.0.37
[INFO] [stderr]    Compiling num-bigint v0.2.2
[INFO] [stderr]    Compiling num-traits v0.2.8
[INFO] [stderr]    Compiling num-integer v0.1.41
[INFO] [stderr]    Compiling serde v1.0.97
[INFO] [stderr]    Compiling memchr v2.2.1
[INFO] [stderr]    Compiling pkg-config v0.3.14
[INFO] [stderr]    Compiling num-iter v0.1.39
[INFO] [stderr]    Compiling quote v0.6.13
[INFO] [stderr]    Compiling num-rational v0.2.2
[INFO] [stderr]    Compiling backtrace-sys v0.1.31
[INFO] [stderr]    Compiling num-complex v0.2.3
[INFO] [stderr]    Compiling failure_derive v0.1.5
[INFO] [stderr]    Compiling fuse v0.3.1
[INFO] [stderr]     Checking time v0.1.42
[INFO] [stderr]     Checking num_cpus v1.10.1
[INFO] [stderr]     Checking atty v0.2.13
[INFO] [stderr]     Checking log v0.3.9
[INFO] [stderr]     Checking unicode-width v0.1.5
[INFO] [stderr]     Checking lazy_static v1.3.0
[INFO] [stderr]     Checking thread-scoped v1.0.2
[INFO] [stderr]     Checking ucd-util v0.1.3
[INFO] [stderr]    Compiling unicode-segmentation v1.3.0
[INFO] [stderr]     Checking rustc-demangle v0.1.15
[INFO] [stderr]    Compiling regex v1.1.9
[INFO] [stderr]    Compiling nix v0.14.1
[INFO] [stderr]    Compiling heck v0.3.1
[INFO] [stderr]     Checking hashbrown v0.1.8
[INFO] [stderr]     Checking regex-syntax v0.6.8
[INFO] [stderr]     Checking thread_local v0.3.6
[INFO] [stderr]     Checking textwrap v0.11.0
[INFO] [stderr]     Checking backtrace v0.3.33
[INFO] [stderr]     Checking threadpool v1.7.1
[INFO] [stderr]     Checking aho-corasick v0.7.4
[INFO] [stderr]     Checking either v1.5.2
[INFO] [stderr]     Checking linked-hash-map v0.5.2
[INFO] [stderr]     Checking vec_map v0.8.1
[INFO] [stderr]     Checking quick-error v1.2.2
[INFO] [stderr]     Checking utf8-ranges v1.0.3
[INFO] [stderr]     Checking humantime v1.2.0
[INFO] [stderr]     Checking clap v2.33.0
[INFO] [stderr]     Checking yaml-rust v0.4.3
[INFO] [stderr]     Checking num v0.2.0
[INFO] [stderr]     Checking itertools v0.8.0
[INFO] [stderr]     Checking fuse_mt v0.5.0
[INFO] [stderr]     Checking lru v0.1.15
[INFO] [stderr]     Checking termcolor v1.0.5
[INFO] [stderr]     Checking dtoa v0.4.4
[INFO] [stderr]     Checking parse_num v0.1.0 (/opt/rustwide/workdir/parse_num)
[INFO] [stderr]     Checking memmap v0.7.0
[INFO] [stderr]     Checking difference v2.0.0
[INFO] [stderr]     Checking pretty_assertions v0.6.1
[INFO] [stderr]     Checking isomorphism v0.1.3
[INFO] [stderr]     Checking serde_yaml v0.8.9
[INFO] [stderr]    Compiling synstructure v0.10.2
[INFO] [stderr]     Checking env_logger v0.6.2
[INFO] [stderr]     Checking i2cdev v0.4.2
[INFO] [stderr]    Compiling proc-macro-hack v0.5.8
[INFO] [stderr]    Compiling structopt-derive v0.2.18
[INFO] [stderr]    Compiling serde_derive v1.0.97
[INFO] [stderr]    Compiling fuseable_derive v0.1.0 (/opt/rustwide/workdir/fuseable_derive)
[INFO] [stderr]    Compiling derivative v1.0.2
[INFO] [stderr]    Compiling paste-impl v0.1.5
[INFO] [stderr]     Checking failure v0.1.5
[INFO] [stderr]     Checking fuseable v0.1.0 (/opt/rustwide/workdir/fuseable)
[INFO] [stdout] warning: unused import: `log`
[INFO] [stdout]  --> fuseable/src/lib.rs:5:20
[INFO] [stdout]   |
[INFO] [stdout] 5 | use ::log::{error, log};
[INFO] [stdout]   |                    ^^^
[INFO] [stdout]   |
[INFO] [stdout]   = note: `#[warn(unused_imports)]` on by default
[INFO] [stdout] 
[INFO] [stdout] 
[INFO] [stdout] warning: unused import: `time::*`
[INFO] [stdout]   --> fuseable/src/lib.rs:17:5
[INFO] [stdout]    |
[INFO] [stdout] 17 | use time::*;
[INFO] [stdout]    |     ^^^^^^^
[INFO] [stdout] 
[INFO] [stdout] 
[INFO] [stdout] error[E0308]: mismatched types
[INFO] [stdout]    --> fuseable/src/lib.rs:553:32
[INFO] [stdout]     |
[INFO] [stdout] 553 |                         atime: std::time::UNIX_EPOCH,
[INFO] [stdout]     |                                ^^^^^^^^^^^^^^^^^^^^^ expected `Timespec`, found `SystemTime`
[INFO] [stdout] 
[INFO] [stdout] 
[INFO] [stdout] error[E0308]: mismatched types
[INFO] [stdout]    --> fuseable/src/lib.rs:554:32
[INFO] [stdout]     |
[INFO] [stdout] 554 |                         mtime: std::time::UNIX_EPOCH,
[INFO] [stdout]     |                                ^^^^^^^^^^^^^^^^^^^^^ expected `Timespec`, found `SystemTime`
[INFO] [stdout] 
[INFO] [stdout] 
[INFO] [stdout] error[E0308]: mismatched types
[INFO] [stdout]    --> fuseable/src/lib.rs:555:32
[INFO] [stdout]     |
[INFO] [stdout] 555 |                         ctime: std::time::UNIX_EPOCH,
[INFO] [stdout]     |                                ^^^^^^^^^^^^^^^^^^^^^ expected `Timespec`, found `SystemTime`
[INFO] [stdout] 
[INFO] [stdout] 
[INFO] [stdout] error[E0308]: mismatched types
[INFO] [stdout]    --> fuseable/src/lib.rs:556:33
[INFO] [stdout]     |
[INFO] [stdout] 556 |                         crtime: std::time::UNIX_EPOCH,
[INFO] [stdout]     |                                 ^^^^^^^^^^^^^^^^^^^^^ expected `Timespec`, found `SystemTime`
[INFO] [stdout] 
[INFO] [stdout] 
[INFO] [stdout] error[E0308]: mismatched types
[INFO] [stdout]    --> fuseable/src/lib.rs:542:13
[INFO] [stdout]     |
[INFO] [stdout] 533 |       fn getattr(&self, _req: RequestInfo, path: &Path, fh: Option<u64>) -> ResultEntry {
[INFO] [stdout]     |                                                                             ----------- expected `std::result::Result<(Timespec, fuse_mt::FileAttr), i32>` because of return type
[INFO] [stdout] ...
[INFO] [stdout] 542 | /             Fuseable::is_dir(
[INFO] [stdout] 543 | |                 (&*self.inner.read().unwrap()).deref(),
[INFO] [stdout] 544 | |                 &mut path.to_string_lossy().split_terminator('/').skip(1),
[INFO] [stdout] 545 | |             )
[INFO] [stdout] ...   |
[INFO] [stdout] 570 | |                 0
[INFO] [stdout] 571 | |             })
[INFO] [stdout]     | |______________^ expected `Result<(Timespec, FileAttr), i32>`, found `Result<(Duration, FileAttr), ...>`
[INFO] [stdout]     |
[INFO] [stdout]     = note: expected enum `std::result::Result<(Timespec, fuse_mt::FileAttr), i32>`
[INFO] [stdout]                found enum `std::result::Result<(std::time::Duration, fuse_mt::FileAttr), {integer}>`
[INFO] [stdout] 
[INFO] [stdout] 
[INFO] [stderr]     Checking structopt v0.2.18
[INFO] [stdout] error: aborting due to 5 previous errors; 2 warnings emitted
[INFO] [stdout] 
[INFO] [stdout] 
[INFO] [stdout] For more information about this error, try `rustc --explain E0308`.
[INFO] [stdout] 
[INFO] [stderr] error: could not compile `fuseable` (lib) due to 6 previous errors; 2 warnings emitted
[INFO] [stderr] warning: build failed, waiting for other jobs to finish...
[INFO] running `Command { std: "docker" "inspect" "0a83c920e7740c883da9bdca63a626c4981b7daf4be7bba4debf5ad0a492e0c6", kill_on_drop: false }`
[INFO] running `Command { std: "docker" "rm" "-f" "0a83c920e7740c883da9bdca63a626c4981b7daf4be7bba4debf5ad0a492e0c6", kill_on_drop: false }`
[INFO] [stdout] 0a83c920e7740c883da9bdca63a626c4981b7daf4be7bba4debf5ad0a492e0c6
